[INFO] cloning repository https://github.com/andreivasiliu/rust-bucket
[INFO] running `Command { std: "git" "-c" "credential.helper=" "-c" "credential.helper=/workspace/cargo-home/bin/git-credential-null" "clone" "--bare" "https://github.com/andreivasiliu/rust-bucket" "/workspace/cache/git-repos/https%3A%2F%2Fgithub.com%2Fandreivasiliu%2Frust-bucket", kill_on_drop: false }`
[INFO] [stderr] Cloning into bare repository '/workspace/cache/git-repos/https%3A%2F%2Fgithub.com%2Fandreivasiliu%2Frust-bucket'...
[INFO] running `Command { std: "git" "rev-parse" "HEAD", kill_on_drop: false }`
[INFO] [stdout] 93d15e9acad954d3d8a67dee5b28720ba7520a5d
[INFO] checking andreivasiliu/rust-bucket against master#af3c6e733a40e671550e0f0f5aeecaa13772ba56 for pr-74989
[INFO] running `Command { std: "git" "clone" "/workspace/cache/git-repos/https%3A%2F%2Fgithub.com%2Fandreivasiliu%2Frust-bucket" "/workspace/builds/worker-0/source", kill_on_drop: false }`
[INFO] [stderr] Cloning into '/workspace/builds/worker-0/source'...
[INFO] [stderr] done.
[INFO] validating manifest of git repo https://github.com/andreivasiliu/rust-bucket on toolchain af3c6e733a40e671550e0f0f5aeecaa13772ba56
[INFO] running `Command { std: "/workspace/cargo-home/bin/cargo" "+af3c6e733a40e671550e0f0f5aeecaa13772ba56" "read-manifest" "--manifest-path" "Cargo.toml", kill_on_drop: false }`
[INFO] started tweaking git repo https://github.com/andreivasiliu/rust-bucket
[INFO] finished tweaking git repo https://github.com/andreivasiliu/rust-bucket
[INFO] tweaked toml for git repo https://github.com/andreivasiliu/rust-bucket written to /workspace/builds/worker-0/source/Cargo.toml
[INFO] crate git repo https://github.com/andreivasiliu/rust-bucket already has a lockfile, it will not be regenerated
[INFO] running `Command { std: "/workspace/cargo-home/bin/cargo" "+af3c6e733a40e671550e0f0f5aeecaa13772ba56" "fetch" "--locked" "--manifest-path" "Cargo.toml", kill_on_drop: false }`
[INFO] [stderr] error: the lock file /workspace/builds/worker-0/source/Cargo.lock needs to be updated but --locked was passed to prevent this
[INFO] [stderr] If you want to try to generate the lock file without accessing the network, use the --offline flag.
[INFO] the lockfile is outdated, regenerating it
[INFO] running `Command { std: "/workspace/cargo-home/bin/cargo" "+af3c6e733a40e671550e0f0f5aeecaa13772ba56" "generate-lockfile" "--manifest-path" "Cargo.toml" "-Zno-index-update", kill_on_drop: false }`
[INFO] running `Command { std: "/workspace/cargo-home/bin/cargo" "+af3c6e733a40e671550e0f0f5aeecaa13772ba56" "fetch" "--locked" "--manifest-path" "Cargo.toml", kill_on_drop: false }`
[INFO] running `Command { std: "docker" "create" "-v" "/var/lib/crater-agent-workspace/builds/worker-0/target:/opt/rustwide/target:rw,Z" "-v" "/var/lib/crater-agent-workspace/builds/worker-0/source:/opt/rustwide/workdir:ro,Z" "-v" "/var/lib/crater-agent-workspace/cargo-home:/opt/rustwide/cargo-home:ro,Z" "-v" "/var/lib/crater-agent-workspace/rustup-home:/opt/rustwide/rustup-home:ro,Z" "-e" "SOURCE_DIR=/opt/rustwide/workdir" "-e" "CARGO_TARGET_DIR=/opt/rustwide/target" "-e" "CARGO_HOME=/opt/rustwide/cargo-home" "-e" "RUSTUP_HOME=/opt/rustwide/rustup-home" "-w" "/opt/rustwide/workdir" "-m" "1610612736" "--user" "0:0" "--network" "none" "rustops/crates-build-env@sha256:d92eaeed33fa75130ca1ee6c8a01d1ffb62bac859dfdfb3450e3e5d1c0146529" "/opt/rustwide/cargo-home/bin/cargo" "+af3c6e733a40e671550e0f0f5aeecaa13772ba56" "metadata" "--no-deps" "--format-version=1", kill_on_drop: false }`
[INFO] [stdout] 555ee70020c9b91d4100e79125082c02a44a32179d2facab18b357188564aeb6
[INFO] [stderr] WARNING: Your kernel does not support swap limit capabilities or the cgroup is not mounted. Memory limited without swap.
[INFO] running `Command { std: "docker" "start" "-a" "555ee70020c9b91d4100e79125082c02a44a32179d2facab18b357188564aeb6", kill_on_drop: false }`
[INFO] running `Command { std: "docker" "inspect" "555ee70020c9b91d4100e79125082c02a44a32179d2facab18b357188564aeb6", kill_on_drop: false }`
[INFO] running `Command { std: "docker" "rm" "-f" "555ee70020c9b91d4100e79125082c02a44a32179d2facab18b357188564aeb6", kill_on_drop: false }`
[INFO] [stdout] 555ee70020c9b91d4100e79125082c02a44a32179d2facab18b357188564aeb6
[INFO] running `Command { std: "docker" "create" "-v" "/var/lib/crater-agent-workspace/builds/worker-0/target:/opt/rustwide/target:rw,Z" "-v" "/var/lib/crater-agent-workspace/builds/worker-0/source:/opt/rustwide/workdir:ro,Z" "-v" "/var/lib/crater-agent-workspace/cargo-home:/opt/rustwide/cargo-home:ro,Z" "-v" "/var/lib/crater-agent-workspace/rustup-home:/opt/rustwide/rustup-home:ro,Z" "-e" "SOURCE_DIR=/opt/rustwide/workdir" "-e" "CARGO_TARGET_DIR=/opt/rustwide/target" "-e" "CARGO_INCREMENTAL=0" "-e" "RUST_BACKTRACE=full" "-e" "RUSTFLAGS=--cap-lints=forbid" "-e" "CARGO_HOME=/opt/rustwide/cargo-home" "-e" "RUSTUP_HOME=/opt/rustwide/rustup-home" "-w" "/opt/rustwide/workdir" "-m" "1610612736" "--user" "0:0" "--network" "none" "rustops/crates-build-env@sha256:d92eaeed33fa75130ca1ee6c8a01d1ffb62bac859dfdfb3450e3e5d1c0146529" "/opt/rustwide/cargo-home/bin/cargo" "+af3c6e733a40e671550e0f0f5aeecaa13772ba56" "check" "--frozen" "--all" "--all-targets" "--message-format=json", kill_on_drop: false }`
[INFO] [stderr] WARNING: Your kernel does not support swap limit capabilities or the cgroup is not mounted. Memory limited without swap.
[INFO] [stdout] b9308a890d60c4b78cfef666757f57f72ed39dc9b29bca03fbf13226a3481902
[INFO] running `Command { std: "docker" "start" "-a" "b9308a890d60c4b78cfef666757f57f72ed39dc9b29bca03fbf13226a3481902", kill_on_drop: false }`
[INFO] [stderr]     Checking cfg-if v0.1.10
[INFO] [stderr]    Compiling xml-rs v0.8.3
[INFO] [stderr]    Compiling log v0.4.11
[INFO] [stderr]    Compiling bitflags v1.2.1
[INFO] [stderr]     Checking lazy_static v1.4.0
[INFO] [stderr]    Compiling khronos_api v3.1.0
[INFO] [stderr]    Compiling proc-macro2 v0.4.30
[INFO] [stderr]    Compiling unicode-xid v0.1.0
[INFO] [stderr]    Compiling semver-parser v0.7.0
[INFO] [stderr]    Compiling libloading v0.6.3
[INFO] [stderr]    Compiling unicode-xid v0.2.1
[INFO] [stderr]    Compiling nix v0.14.1
[INFO] [stderr]     Checking piston-float v1.0.0
[INFO] [stderr]     Checking void v1.0.2
[INFO] [stderr]     Checking adler32 v1.2.0
[INFO] [stderr]     Checking piston-graphics_api_version v1.0.0
[INFO] [stderr]     Checking downcast-rs v1.2.0
[INFO] [stderr]    Compiling cc v1.0.59
[INFO] [stderr]     Checking xdg v2.2.0
[INFO] [stderr]     Checking piston-texture v0.8.0
[INFO] [stderr]     Checking bytemuck v1.4.1
[INFO] [stderr]     Checking read_color v1.0.0
[INFO] [stderr]     Checking interpolation v0.2.0
[INFO] [stderr]     Checking fnv v1.0.7
[INFO] [stderr]     Checking piston-shaders_graphics2d v0.3.1
[INFO] [stderr]    Compiling num-integer v0.1.43
[INFO] [stderr]    Compiling num-iter v0.1.41
[INFO] [stderr]    Compiling num-rational v0.3.0
[INFO] [stderr]    Compiling x11-dl v2.18.5
[INFO] [stderr]     Checking piston-viewport v1.0.0
[INFO] [stderr]     Checking vecmath v1.0.0
[INFO] [stderr]     Checking miniz_oxide v0.3.7
[INFO] [stderr]     Checking shader_version v0.7.0
[INFO] [stderr]    Compiling semver v0.9.0
[INFO] [stderr]    Compiling proc-macro2 v1.0.21
[INFO] [stderr]     Checking crc32fast v1.2.0
[INFO] [stderr]     Checking crossbeam-utils v0.7.2
[INFO] [stderr]     Checking memmap v0.7.0
[INFO] [stderr]     Checking shared_library v0.1.9
[INFO] [stderr]     Checking raw-window-handle v0.3.3
[INFO] [stderr]     Checking stb_truetype v0.3.1
[INFO] [stderr]     Checking deflate v0.8.6
[INFO] [stderr]     Checking ordered-float v1.1.0
[INFO] [stderr]     Checking approx v0.3.2
[INFO] [stderr]     Checking line_drawing v0.7.0
[INFO] [stderr]     Checking osmesa-sys v0.1.2
[INFO] [stderr]     Checking dlib v0.4.2
[INFO] [stderr]     Checking draw_state v0.8.0
[INFO] [stderr]    Compiling rustc_version v0.2.3
[INFO] [stderr]     Checking crossbeam-epoch v0.8.2
[INFO] [stderr]     Checking crossbeam-channel v0.4.4
[INFO] [stderr]    Compiling gl_generator v0.14.0
[INFO] [stderr]    Compiling gl_generator v0.10.0
[INFO] [stderr]    Compiling quote v1.0.7
[INFO] [stderr]     Checking wayland-sys v0.21.13
[INFO] [stderr]     Checking tiff v0.5.0
[INFO] [stderr]     Checking rusttype v0.8.3
[INFO] [stderr]     Checking png v0.16.7
[INFO] [stderr]    Compiling syn v1.0.40
[INFO] [stderr]     Checking crossbeam-deque v0.7.3
[INFO] [stderr]     Checking gfx_core v0.9.2
[INFO] [stderr]    Compiling parking_lot_core v0.6.2
[INFO] [stderr]    Compiling parking_lot v0.9.0
[INFO] [stderr]    Compiling quote v0.6.13
[INFO] [stderr]     Checking rayon-core v1.8.0
[INFO] [stderr]     Checking rusttype v0.7.9
[INFO] [stderr]     Checking piston2d-graphics v0.37.0
[INFO] [stderr]     Checking andrew v0.2.1
[INFO] [stderr]    Compiling wayland-scanner v0.21.13
[INFO] [stderr]    Compiling libloading v0.5.2
[INFO] [stderr]    Compiling gl v0.11.0
[INFO] [stderr]    Compiling glutin_glx_sys v0.1.7
[INFO] [stderr]    Compiling glutin_egl_sys v0.1.5
[INFO] [stderr]    Compiling gfx_gl v0.6.1
[INFO] [stderr]     Checking rayon v1.4.0
[INFO] [stderr]    Compiling wayland-client v0.21.13
[INFO] [stderr]    Compiling wayland-protocols v0.21.13
[INFO] [stderr]     Checking gfx v0.18.2
[INFO] [stderr]     Checking wayland-commons v0.21.13
[INFO] [stderr]     Checking jpeg-decoder v0.1.20
[INFO] [stderr]    Compiling serde_derive v1.0.116
[INFO] [stderr]     Checking image v0.23.9
[INFO] [stderr]     Checking gfx_device_gl v0.16.2
[INFO] [stderr]     Checking piston-gfx_texture v0.41.0
[INFO] [stderr]     Checking piston2d-gfx_graphics v0.70.0
[INFO] [stderr]     Checking pistoncore-input v1.0.0
[INFO] [stderr]     Checking smithay-client-toolkit v0.4.6
[INFO] [stderr]     Checking winit v0.19.5
[INFO] [stderr]     Checking pistoncore-window v0.47.0
[INFO] [stderr]     Checking pistoncore-event_loop v0.52.0
[INFO] [stderr]     Checking piston v0.52.0
[INFO] [stderr]     Checking glutin v0.21.2
[INFO] [stderr]     Checking pistoncore-glutin_window v0.66.0
[INFO] [stderr]     Checking piston_window v0.112.0
[INFO] [stderr]     Checking hello_world v0.0.1 (/opt/rustwide/workdir)
[INFO] [stdout] error[E0277]: cannot divide `f64` by `{integer}`
[INFO] [stdout]    --> src/main.rs:249:35
[INFO] [stdout]     |
[INFO] [stdout] 249 |         window_half_width: (width / 2) as f64,
[INFO] [stdout]     |                                   ^ no implementation for `f64 / {integer}`
[INFO] [stdout]     |
[INFO] [stdout]     = help: the trait `Div<{integer}>` is not implemented for `f64`
[INFO] [stdout] 
[INFO] [stdout] 
[INFO] [stdout] error[E0277]: cannot divide `f64` by `{integer}`
[INFO] [stdout]    --> src/main.rs:250:37
[INFO] [stdout]     |
[INFO] [stdout] 250 |         window_half_height: (height / 2) as f64,
[INFO] [stdout]     |                                     ^ no implementation for `f64 / {integer}`
[INFO] [stdout]     |
[INFO] [stdout]     = help: the trait `Div<{integer}>` is not implemented for `f64`
[INFO] [stdout] 
[INFO] [stdout] 
[INFO] [stdout] error[E0593]: closure is expected to take 3 arguments, but it takes 2 arguments
[INFO] [stdout]    --> src/main.rs:278:20
[INFO] [stdout]     |
[INFO] [stdout] 278 |             window.draw_2d(&e, |c, g| draw(gamestate, c, g));
[INFO] [stdout]     |                    ^^^^^^^     ------ takes 2 arguments
[INFO] [stdout]     |                    |
[INFO] [stdout]     |                    expected closure that takes 3 arguments
[INFO] [stdout] 
[INFO] [stdout] 
[INFO] [stdout] error[E0277]: cannot divide `f64` by `{integer}`
[INFO] [stdout]    --> src/main.rs:249:35
[INFO] [stdout]     |
[INFO] [stdout] 249 |         window_half_width: (width / 2) as f64,
[INFO] [stdout]     |                                   ^ no implementation for `f64 / {integer}`
[INFO] [stdout]     |
[INFO] [stdout]     = help: the trait `Div<{integer}>` is not implemented for `f64`
[INFO] [stdout] 
[INFO] [stdout] 
[INFO] [stdout] error: aborting due to 3 previous errors
[INFO] [stdout] 
[INFO] [stdout] 
[INFO] [stdout] Some errors have detailed explanations: E0277, E0593.
[INFO] [stdout] 
[INFO] [stdout] For more information about an error, try `rustc --explain E0277`.
[INFO] [stdout] 
[INFO] [stdout] error[E0277]: cannot divide `f64` by `{integer}`
[INFO] [stdout]    --> src/main.rs:250:37
[INFO] [stdout]     |
[INFO] [stdout] 250 |         window_half_height: (height / 2) as f64,
[INFO] [stdout]     |                                     ^ no implementation for `f64 / {integer}`
[INFO] [stdout]     |
[INFO] [stdout]     = help: the trait `Div<{integer}>` is not implemented for `f64`
[INFO] [stdout] 
[INFO] [stdout] 
[INFO] [stdout] error[E0593]: closure is expected to take 3 arguments, but it takes 2 arguments
[INFO] [stdout]    --> src/main.rs:278:20
[INFO] [stdout]     |
[INFO] [stdout] 278 |             window.draw_2d(&e, |c, g| draw(gamestate, c, g));
[INFO] [stdout]     |                    ^^^^^^^     ------ takes 2 arguments
[INFO] [stdout]     |                    |
[INFO] [stdout]     |                    expected closure that takes 3 arguments
[INFO] [stdout] 
[INFO] [stdout] 
[INFO] [stderr] error: could not compile `hello_world`.
[INFO] [stderr] 
[INFO] [stderr] To learn more, run the command again with --verbose.
[INFO] [stderr] warning: build failed, waiting for other jobs to finish...
[INFO] [stdout] error: aborting due to 3 previous errors
[INFO] [stdout] 
[INFO] [stdout] 
[INFO] [stdout] Some errors have detailed explanations: E0277, E0593.
[INFO] [stdout] 
[INFO] [stdout] For more information about an error, try `rustc --explain E0277`.
[INFO] [stdout] 
[INFO] [stderr] error: build failed
[INFO] running `Command { std: "docker" "inspect" "b9308a890d60c4b78cfef666757f57f72ed39dc9b29bca03fbf13226a3481902", kill_on_drop: false }`
[INFO] running `Command { std: "docker" "rm" "-f" "b9308a890d60c4b78cfef666757f57f72ed39dc9b29bca03fbf13226a3481902", kill_on_drop: false }`
[INFO] [stdout] b9308a890d60c4b78cfef666757f57f72ed39dc9b29bca03fbf13226a3481902
